137 + 19*y + 56 + 116. Calculate the remainder when d(-5) is divided by 43.
42
Let b(h) = -168*h - 983. Suppose -150 - 24 = -2*q - x, q - x - 93 = 0. What is the remainder when q is divided by b(-6)?
14
Let i = -381 - -508. Suppose 122*v + 120 = i*v. What is the remainder when v is divided by 18?
6
Let a(v) = -v**3 - 3*v**2 + v + 12. Suppose 0 = -15*q + 14*q. What is the remainder when 371 is divided by a(q)?
11
Let f(q) = 3*q**2 - 240*q + 30. What is the remainder when 263 is divided by f(80)?
23
Let d = -224 - -227. Let w(t) = t + 9. Let m(o) = -o**2 + 4*o + 5. Let c be m(4). What is the remainder when w(c) is divided by d?
2
Let h(i) = -9*i**2 + 347*i - 818. What is the remainder when (6/1)/(3/8) is divided by h(36)?
6
Suppose 2*j = 322*a - 318*a + 18, 0 = -2*j + 3*a + 20. Let o(t) = 2*t**2 - 2*t + 1. Calculate the remainder when o(4) is divided by j.
12
Suppose 5*s + 2464 + 151 = 5*n, 4*n + 3*s = 2057. Suppose -12*t + n = -5*t. Calculate the remainder when 199 is divided by t.
51
Let a = -38213 + 62317. What is the remainder when a is divided by 294?
290
Suppose 138*t + 0 = 141*t - 18. Suppose -4*r + 5*f + 15 = 0, -4*r = -f - 2 - 17. Suppose -2*n = -r*n + 63. Calculate the remainder when n is divided by t.
3
What is the remainder when 5170/(-141)*774/(-10) + 8 is divided by 202?
18
Let c(x) = -16*x**2 - 365*x + 86. Let j(f) = 2*f**3 - 4*f**2 + 3*f. Calculate the remainder when j(3) is divided by c(-23).
10
Suppose -381 = 21*i - 4077. Calculate the remainder when 1035 is divided by i.
155
Let f(n) = -2*n + 33. Let j be 43 - 2/6*3. Let b = j - 28. Calculate the remainder when f(b) is divided by 3.
2
Let w = -138 + 301. What is the remainder when w is divided by 20460/(-440)*(-12)/18?
8
Suppose -2*k - 314 = -6*k + 3*u, -2*u = 2*k - 164. Calculate the remainder when k is divided by 61/(915/(-405))*2/(-2).
26
Suppose 3*a = 3*c - 42, 86 = 2*c + 3*c + 3*a. Let q be (-5 + (-9)/(-2))*6 + 13. Suppose -q*u - 96 = -18*u. What is the remainder when c is divided by u?
4
Let s be ((-120)/360)/((-2)/744). Let c(k) = 2*k + 3. Let r be c(7). Suppose -s = r*f - 19*f. What is the remainder when f is divided by 14?
6
Let v(n) = -4*n**2 + 6*n - 3. Let y be v(5). Suppose 7*u + 81 = 6*u - 4*r, -2*u - 206 = -3*r. Let z = y - u. Calculate the remainder when z is divided by 13.
11
Suppose -t + 1 = -4*z, z + 4*t = 2*t + 11. Suppose o = 15 - 0. Calculate the remainder when o is divided by ((-1 - 0)*z)/((-131)/524).
3
Let l be -2*(-94)/5 + 14/35. Suppose -47*x + 54 = -l*x. What is the remainder when x is divided by 5?
1
Let a(r) = 88*r**3 + 3*r**2 - 14*r + 22. Let x be a(2). Let l = -298 + x. Calculate the remainder when l is divided by 105.
97
Let q(f) = -50*f**3 + 10*f**2 + 22*f + 13. Calculate the remainder when q(-4) is divided by 275.
260
Suppose -165*q - 719 - 1063 = -219*q. What is the remainder when q is divided by 27?
6
Suppose 0*x - 85 = -17*x. Suppose 16*b - x*b - 473 = 0. Calculate the remainder when 52 is divided by b.
9
What is the remainder when 5630 is divided by (-2451)/171*(-1)/(((-1)/1)/(-3))?
40
Let f(b) = 2*b + 36. Suppose -3*c - 180 = 9*c. Let x be f(c). Calculate the remainder when 9/x*(-8)/(-36)*183 is divided by 21.
19
Let m(k) = -25*k + 6*k + 12*k + 5*k + 22. Let a be m(10). Suppose -83 = -a*u + 19. Calculate the remainder when u is divided by 27.
24
Let x = -429 + 457. Suppose -15 = -3*y + 3*p + 9, y - 3*p - 4 = 0. What is the remainder when x is divided by y?
8
Let n(x) = x - 3. Let m be n(3). Suppose -4*o + 92 - 384 = m. Let r = o + 96. What is the remainder when r is divided by 9?
5
Suppose -18*y + 124 = -20*y + 294. Calculate the remainder when 247 is divided by y.
77
Suppose 5*n + 32 = 3*w, -2*w + 2 = n - 2. Suppose -8*g = -5*h - 7*g + 9, -2*h = w*g - 8. Calculate the remainder when 75 is divided by h.
1
Suppose 0 = 2*h + 166*b - 165*b - 645, -5*b = -4*h + 1227. What is the remainder when h is divided by 9?
3
Let o(c) = -c**3 - 4*c**2 - 2*c + 4. Suppose v = 2*n + 6*v + 219, 0 = -4*n - v - 447. Let m = n + 170. What is the remainder when m is divided by o(-4)?
10
Let z be (-3)/18 + (-2)/12*29. Let s be 0 + 5 - 3/z*-5. Calculate the remainder when (-4 - (-1 + s))*528/(-60) is divided by 15.
14
Suppose 0 = 4*x + y + 42, 0 = -2*x - 5*y - 12. Let t be -8 - x - 2*(-17 + 1). Suppose -7*c = -154 - t. Calculate the remainder when 107 is divided by c.
26
Let l(g) = 5*g**2 + 13*g + 44. Let m be l(-15). Suppose -13 - m = -21*t. What is the remainder when 180 is divided by t?
39
Let h = -4745 - -5414. What is the remainder when h is divided by 56?
53
Suppose -43*z - 11323 + 3282 = 0. Let s = 201 + z. Suppose -4*u + 3*l - l + 156 = 0, -u + 36 = l. Calculate the remainder when u is divided by s.
10
What is the remainder when 881 is divided by (-1199)/(-44) + 92/16 + -6?
17
Let s = 16062 + -16047. Calculate the remainder when 3824 is divided by s.
14
What is the remainder when 1227 is divided by 66/(72/16 + -3)?
39
Let l(s) = -s**3 + 16*s**2 - 8*s + 128. What is the remainder when l(15) is divided by 46?
3
Let f(u) = -u**3 - 31*u**2 + 101*u + 1. Calculate the remainder when 1153 is divided by f(-34).
33
Suppose 0 = -12*t + 21*t + 1917. Let r = -120 - t. What is the remainder when r is divided by 19?
17
Suppose -142 - 130 = -18*n - 38. Calculate the remainder when 4062 is divided by n.
6
Suppose 128*k - 123*k = 655. Suppose 266 = 3*j - 0*j + 2*c, j - 92 = c. Let n = k - j. Calculate the remainder when n is divided by 14.
13
Let l(p) = -p**2 - 4*p + 1. Let a be l(-3). Suppose -89 = -5*j - 3*v - 2, 31 = j + 4*v. What is the remainder when j is divided by a - ((-12)/(-15))/((-8)/20)?
3
Let r(f) = f**2 - 4*f + 5. Let z be (54/(-5) - -4)*10/(-2). Suppose -q + 5*q = -5*p + 141, 0 = q + p - z. Calculate the remainder when q is divided by r(5).
9
Let j be (7/7)/((-309)/(-155) + -2). Let n = j - -167. What is the remainder when 35 is divided by n?
11
Let r(z) = 82*z + 117. What is the remainder when 212 is divided by r(1)?
13
Let i be -3 - (1 - 1) - 35/(-7). Suppose k - 13 = i*z, 11 + 4 = 5*z. What is the remainder when 87 is divided by k?
11
Suppose z = -3*z + 12, h - 26 = 2*z. Suppose i = 3*f + 2613, 2*f - 66*i + 1742 = -71*i. Let w = -745 - f. Calculate the remainder when w is divided by h.
30
Let n = 7151 + -7095. What is the remainder when 157 is divided by n?
45
Let g = 6793 - 6743. What is the remainder when 1646 is divided by g?
46
Let u = -4905 - -5364. Calculate the remainder when u is divided by 102.
51
Suppose 7*g + 3*g = 420. Let q be -10*(-5)/((-75)/(-6)). Suppose u - 60 = -q*u. What is the remainder when g is divided by u?
6
Suppose -9*g + 10 = -4*g. Let d be (3/2)/(3*g/12). Let h(u) = 2*u**2 - 3*u + 4. What is the remainder when 34 is divided by h(d)?
8
Let g be (-121)/(-33) - 4/36*-3. Suppose 0 = 5*m + g*k - 7*k - 626, -2*k - 629 = -5*m. Calculate the remainder when m is divided by 18.
1
Suppose -48*j - 1134 = -34*j. Let z = 115 + j. What is the remainder when 135 is divided by z?
33
Let h = -297 - -390. Let y(v) = 10*v - 3. Let o be y(4). Suppose 5*g = 5*q - 105, -5*g = -4*q + o + 44. What is the remainder when h is divided by q?
21
Suppose 67*u + 150*u = 13237. Calculate the remainder when 212 is divided by u.
29
Let h(v) = 2*v**3 + 17*v**2 - 2*v + 8. Let r be h(-8). Let b = r - 108. Let i = b + 75. What is the remainder when i is divided by 15?
10
Calculate the remainder when (-42996)/(-50) + 368/4600 is divided by 41.
40
Suppose 3*u - 153 = -t + 131, -t + 266 = -3*u. Suppose -5*r = -t - 25. Suppose 2*f - 24 = r. Calculate the remainder when f is divided by 13.
3
Let m be -1 + 3 + -4 + 2 + 0. Suppose 6*q - 15*q + 108 = m. What is the remainder when 87 is divided by (q/(-3) - -3)/(2/(-18))?
6
Suppose 12*x = 97 + 683. Suppose -5*d - 10*h = -6*h - x, -3*d = h - 46. Let v(p) = -p**3 - p**2 + p + 9. Calculate the remainder when d is divided by v(0).
8
Suppose 7*a - 282 = 166. Suppose -5*o = -9*o + 80. Calculate the remainder when a is divided by 132/(-9)*(-30)/o.
20
Let w be (-401)/(-9) + (-52)/(-117). Suppose 7*s = 39 + w. Calculate the remainder when 43 is divided by s.
7
Let h = -2862 - -2955. Calculate the remainder when 185 is divided by h.
92
Suppose 222 = -12*r + 9*r + 2*t, -2*r = -3*t + 153. Let g = 3 - r. Calculate the remainder when 